 h(n) = n**3 + 7*n**2 - 2*n - 7. Let k be h(l). What are the prime factors of b(k)?
3, 5
Let o(y) = -8 - 3 - 3 + 2*y - y + y**3. Let d be o(0). Let r = -2 - d. List the prime factors of r.
2, 3
Let y = 79 + -21. What are the prime factors of y?
2, 29
Let v be 4 + 0 - (9 + 18). Let b = v - -63. List the prime factors of b.
2, 5
Suppose 7 = 2*w + 1. What are the prime factors of w?
3
Let f = 26 - -19. What are the prime factors of f?
3, 5
Let a(o) = -o**2 + o + 34. List the prime factors of a(0).
2, 17
Let z(a) = 2*a**2 - 9*a + 10. List the prime factors of z(10).
2, 3, 5
Let v = 8 - 18. Let n(m) = m**3 - 11*m**2 - 27*m - 2. Let k be n(13). Let j = v - k. What are the prime factors of j?
5
Let u = 30 - -1. What are the prime factors of u?
31
Let n = 36 - 23. Suppose 2*r - n = 3. List the prime factors of r.
2
Let o = -4 + 11. Let u(l) = l**3 - 6*l**2 - 4*l - 4. List the prime factors of u(o).
17
Suppose -10*g = -11*g + 129. What are the prime factors of g?
3, 43
Suppose -n - 4*n = -5*w + 230, -5*n = 3*w + 246. Let u = n + 96. What are the prime factors of u?
2, 3
Let u = -17 + 28. Let w = 15 - u. What are the prime factors of w?
2
Let r be 2/1 + 10/5. Suppose 15 = r*q - 37. What are the prime factors of q?
13
Suppose -40 = -6*j + 74. List the prime factors of j.
19
Suppose 0 = 2*n - 29 + 5. List the prime factors of n.
2, 3
Suppose -13*p + 733 = -21. What are the prime factors of p?
2, 29
Let i(d) = d**2 - 6*d - 1. Let x = -14 - -20. Let g be i(x). List the prime factors of (g - 2) + (-63)/(-3).
2, 3
Suppose -g - 5*t + 239 = 0, -t + 6*t + 249 = g. List the prime factors of g.
2, 61
Let d(n) = -3*n - 19. Let b be d(-8). Suppose 10*g - 225 = b*g. List the prime factors of g.
3, 5
Let o(t) = -t**3 + t**2 - 2*t - 4. List the prime factors of o(-5).
2, 3, 13
Suppose 0 = -5*l - 3*y - 3, -l - l - y = 1. Suppose -r + 5 = -l*r. Suppose -5*v + 2*v + 26 = 4*o, r*v + 3*o - 25 = 0. List the prime factors of v.
2
Let p(j) = j**3 + 3*j**2 + 2*j + 3. Let f be p(-2). Suppose 4*m - 129 = f. Suppose q + 2*q = m. What are the prime factors of q?
11
Let t(g) = g**3 - g**2 - g + 40. What are the prime factors of t(0)?
2, 5
Let q = -47 - -66. What are the prime factors of q?
19
Let h(u) = 4*u**2 + 6*u + 2. List the prime factors of h(-3).
2, 5
What are the prime factors of ((-6)/(-4))/((-1)/(-98))?
3, 7
Let h be 16/48*15/1. Suppose -2*w = -4, -h*u + 8 + 34 = w. List the prime factors of u.
2
Suppose -3*q - 6*j = -2*j - 4, -2*j = -2. Suppose q = 3*t + 2*t. What are the prime factors of t + 1/(-2)*-26?
13
Suppose 5*a - 2*h - 277 = 0, a = -3*h + 24 + 28. What are the prime factors of a?
5, 11
Suppose 0 = -2*q + 83 + 29. Suppose 2*i = z + 3*z + 24, q = 3*i - z. List the prime factors of i.
2, 5
Let o(s) = -5 + 9*s + 6 - s**2 + 1. Let p be o(9). Suppose 4*z + 16 = -0, z = p*r - 30. List the prime factors of r.
13
Let z = 23 - 19. What are the prime factors of z?
2
Let p(q) = -q**3 - 8*q**2 - 10*q. List the prime factors of p(-7).
3, 7
Let u be ((-129)/(-6))/((-3)/(-6)). Suppose 26 = 3*t - u. List the prime factors of t.
23
Let c = 41 - 16. List the prime factors of c.
5
Let g = -152 + 225. List the prime factors of g.
73
Let l(z) = -z**3 - 6*z**2 - 6*z - 4. Let g be l(-6). Let k = g - -22. What are the prime factors of 12/k - (-194)/18?
11
Let t = 28 - 15. What are the prime factors of t?
13
Let m(v) = 18*v + 1. What are the prime factors of m(3)?
5, 11
Suppose 16 = 3*i + i. List the prime factors of 25 - (3 - i - -1).
5
Suppose 3*y - 18 = -3*y. Let b be ((-1)/(-1))/1 + 3. Suppose -4*l - 16 = 0, -b*i - 2*l + y = -29. What are the prime factors of i?
2, 5
Let u be (-1 - 0)*(0 + -1). Suppose -d - 4*g = -31 - u, 0 = -5*d - 3*g + 92. What are the prime factors of d?
2
Suppose g + g - 8 = 0. Suppose 5*z = z - 16, -2*p - g*z + 72 = 0. What are the prime factors of p?
2, 11
Let s = 588 - 323. What are the prime factors of s?
5, 53
Let u(m) be the third derivative of -m**4/12 - 4*m**3/3 - 3*m**2. List the prime factors of u(-6).
2
Suppose 0 = -2*v + 8 + 2. Suppose -4*w + v*w - 1 = 0. Suppose -2*y = -15 - w. List the prime factors of y.
2
Suppose 2*r = -r - 15, 0 = 4*y - 3*r - 175. Suppose a = 5*a - y. What are the prime factors of a?
2, 5
Suppose -w - 32 = 4*y - 5*y, -3*w = -2*y + 91. Let d = -11 - w. What are the prime factors of d?
2
Suppose 0 = -3*m + 23 - 44. List the prime factors of -3*m/(63/120).
2, 5
Let h = -7 - -6. Let p = 38 + h. What are the prime factors of p?
37
Suppose 0 = 4*l + 2*x - 24 + 6, 4 = 2*l - 4*x. Suppose 3*u = -3*u + 7*u. Suppose l = s - u. What are the prime factors of s?
2
Let j(n) be the first derivative of -n**3/3 + 15*n**2/2 - 12*n - 4. What are the prime factors of j(6)?
2, 3, 7
Suppose 0*h - 20 = -5*h. Suppose -2*a + 80 = h*o, 2*a - 38 = a - o. Suppose -2*r + a = r. List the prime factors of r.
2, 3
Let p = 7 - -28. What are the prime factors of p?
5, 7
Let v(y) = -y**3 - 5*y**2 + 4*y - 6. Let h be v(-6). Let a(k) = -k**3 + 8*k**2 - 3*k - 12. What are the prime factors of a(h)?
2, 3, 7
Let r be (-3)/(-12) + (-225)/20. Let w = 5 - r. List the prime factors of w.
2
Suppose -l + 4*l - 12 = 0. Suppose 20 = 3*n + l*x, 0 = -3*n + 4*n - 4*x - 12. What are the prime factors of n?
2
Let y(d) = -3*d. Let j be y(6). Let s be (-4)/j + (-100)/(-36). Suppose -4 = -2*f + 4*q, 0 = -f + s*q + 2 - 1. List the prime factors of f.
2
Let y(t) = 5*t**2 - 7*t. What are the prime factors of y(-3)?
2, 3, 11
Let u = 24 - -18. Suppose 0 = -s + u - 17. List the prime factors of s.
5
Suppose 11 = 2*x - n, -8*x + 3*n = -13*x + 22. What are the prime factors of x?
5
Let s(u) = -u - 3. Suppose 7*l - 4*l + 2*d - 102 = 0, -5*l + 170 = 4*d. Suppose -5*a - 1 = l. List the prime factors of s(a).
2
Let f(t) = 3*t + 8. List the prime factors of f(7).
29
List the prime factors of 22 - ((-3)/(-3) - 2).
23
Let u = 9 + -4. Suppose 29 - 9 = -u*f. Let d(h) = -h + 1. What are the prime factors of d(f)?
5
Let z be ((-44)/8)/((-1)/6). Let p = -12 + z. What are the prime factors of p?
3, 7
Let c = -4 - -8. Suppose -24 = s - c*s. List the prime factors of (2/4)/(1/s).
2
Let k(f) = 2*f**2. Let d be k(1). Suppose 3*q - 6 = -0*q. Suppose -13 = -y + d*a, 8*a + 26 = q*y + 3*a. List the prime factors of y.
13
Suppose 2*l + 204 = 6*l. What are the prime factors of l?
3, 17
Let c(n) = -n**3 + 16*n**2 + 6*n - 3. List the prime factors of c(16).
3, 31
Suppose 1 = 2*u - 5. List the prime factors of (3 - 1 - u)*-14.
2, 7
Let x(f) = f**3 - 4*f**2 - 5*f + 1. Let m be x(5). Suppose -5 = -4*n - m. What are the prime factors of n/(-2)*2 + 10?
3
Suppose 25*n + 380 = 29*n. List the prime factors of n.
5, 19
Suppose 2*d - 4 = -3*t + 6, 4*d + t = 10. What are the prime factors of d?
2
Suppose 0 = -4*c + 38 + 14. Let g = 52 - c. List the prime factors of g.
3, 13
Let k(q) = -q**3 - 2 + 0*q**2 - q**2 + 0 + 3*q - 1. What are the prime factors of k(-3)?
2, 3
Let n(j) = -j. Let s(r) = r**2 - 11*r + 6. Let u(b) = 2*n(b) - s(b). Suppose -4*m = m - 40. What are the prime factors of u(m)?
2
Let z be (1 + -1)*(-1)/2. Let o(g) = -g**3 - g**2 + 4. List the prime factors of o(z).
2
Let v(y) = y - 6. Suppose -5*w + w + 20 = 0. Let n be v(w). What are the prime factors of 0 + 4/((-2)/n)?
2
Let o(a) = -a**3 + 15*a**2 - 13*a - 2. List the prime factors of o(14).
2, 3
Suppose 7*o = 2*o. Let b(a) = a**3 - a**2 + 3*a + 19. Let j(g) = 4*g**3 - 3*g**2 + 10*g + 58. Let k(p) = 7*b(p) - 2*j(p). What are the prime factors of k(o)?
17
Suppose -4*q - 820 = -4*b, 2*q - q + 1041 = 5*b. List the prime factors of b.
11, 19
Suppose x + 0*x = 0. Suppose x = -m + 5*d + 4 - 6, 2*d + 28 = 4*m. What are the prime factors of m?
2
Let t = -33 + 48. Suppose 3*l = -2*l + t. Suppose 2*x = l*x - 7. What are the prime factors of x?
7
Let v = 0 - -1. Suppose o + 2*b = -0 - 5, 5*b + 14 = -4*o. List the prime factors of (7 - (1 - o))/v.
5
Let t be 12 + -1 + -3 - 4. Suppose 0 = -5*o - 2*b + 282, 229 = 4*o + 4*b + b. Suppose 0*n = t*n - o. List the prime factors of n.
2, 7
Let u be (175/10)/(1/(-2)). Let o = -21 - u. What are the prime factors of o?
2, 7
Let v be 5 - ((7 - 4) + -7). Suppose -6*b - 30 = -v*b. What are the prime factors of b?
2, 5
Suppose 1 - 4 = -3*w. Suppose i - w = 1. List the prime factors of i.
2
Let z(h) = -h**3 + 9*h**2 - 6*h - 10. Let n be